, 3
Let q(x) = 51*x - 53. List the prime factors of q(6).
11, 23
Let k = 62 + -90. Let i = 42 + k. What are the prime factors of i?
2, 7
Let b(f) = f**2 - f - 1. Suppose 25 = -5*o - 35. Let w be 1/6 + (-58)/o. What are the prime factors of b(w)?
19
Let z = -1 + 28. List the prime factors of z.
3
Suppose -k = -o + 49, 0*o + 3*o - 2*k = 143. What are the prime factors of o?
3, 5
Let v be -2 + 9 + 2/(-2). Suppose -52 = -2*p + 2*c, p - 15 = -4*c + v. List the prime factors of p.
5
Suppose 0*d + 8 = -2*d. Let b = 8 + d. Suppose -4*h + b = -2*h. What are the prime factors of h?
2
Suppose 2*p = 5*o - o - 32, 0 = 3*o + 5*p - 37. Let z = 1 + o. What are the prime factors of z?
2, 5
Let y = 200 - 126. List the prime factors of y.
2, 37
Let o be (1 - (-2)/(-4))*8. Suppose -f = -5*f - y + 23, -4*f + o*y = -28. What are the prime factors of 30/(-4)*(-4)/f?
5
Let r be 2 + 5/(15/6). Suppose -r*b + 16 = -2*b. List the prime factors of b.
2
Let i be (-18)/(-12)*10/3. Suppose 2*q + l - 3 = 0, l + l + 30 = i*q. Suppose o + 4 = -q*u + 39, 22 = 2*u + 2*o. What are the prime factors of u?
2
Suppose 2*p = 3*z - 114, -110 = -4*z - 3*p + 42. Suppose -2*y - 31 = -4*n + 151, 0 = -n - 2*y + z. What are the prime factors of n?
2, 11
Suppose 0 = -5*l + 3*l + 22. Suppose d - 3*d = 2*q - 28, -q - 4*d = -l. List the prime factors of q.
3, 5
Let x be ((-4)/(-2))/((-2)/(-3)). Suppose -x*n - 5*p + 27 = 0, 3*n - 3*p = n - 1. What are the prime factors of n?
2
Suppose -2*a + 3*a - 22 = 0. What are the prime factors of a?
2, 11
Suppose -15*d + 810 = -6*d. List the prime factors of d.
2, 3, 5
Let m be 1 - (-3 - -2) - 0. Let c(u) = 4*u**3 - 2*u**2 - u - 2. List the prime factors of c(m).
2, 5
Let l(q) = q**3 + 5*q**2 + 2*q - 2. Let h be (6 - 4)/(2/(-4)). What are the prime factors of l(h)?
2, 3
Suppose 0 = -b - 4*b + 45. What are the prime factors of 8 + b/6*2?
11
Suppose -6*q + 120 = -q. Suppose -m = -3*c + q, 3*c + 4*m - 3*m = 30. What are the prime factors of c?
3
Let h = 1 - -3. Let z(n) = 3*n - 3. What are the prime factors of z(h)?
3
Let z = -1 + 0. List the prime factors of 2/((4/(-26))/z).
13
Let c be (54/(-24))/((-3)/20). Let r = 3 - 3. Suppose 0 = -3*j + c, -m - 4*j + 8 + 19 = r. List the prime factors of m.
7
Let p be (-234)/(-12)*16/6. Suppose 0 = 3*v - 2*u - 26, 4*v + u - p = -v. List the prime factors of v.
2, 5
Suppose 3*j = -4*l - 0*l + 1163, 2*l - 594 = -4*j. What are the prime factors of l?
7, 41
Suppose 0*x + 2*x - 460 = -3*z, -3*x = 2*z - 305. List the prime factors of z.
2, 7, 11
Let x = -17 + 23. What are the prime factors of 10/(-30) + 50/x?
2
Suppose 4*j + 0*j + 4*l = -36, -3*l - 20 = 2*j. Let d = 2 - j. List the prime factors of (-368)/(-36) - 2/d.
2, 5
Let g = -3 - -3. What are the prime factors of 4/4 + (11 - g)?
2, 3
Let p(l) = l**2 + l - 1. Let d be p(-4). Suppose 2*c = d + 3. What are the prime factors of c?
7
Let g be 1 + -2 - -2*8. Suppose 3*w - 7 = 8. Let r = g - w. List the prime factors of r.
2, 5
Suppose 0 = -f + 4*c + 136, 0*c + 2*c = 5*f - 590. List the prime factors of f.
2, 29
Let w(q) = 91*q**3 + q. List the prime factors of w(1).
2, 23
Let i(z) = -3 + 3 - 8*z. Let f(r) = -r**3 - 17*r**2 - 16*r - 1. Let l be f(-16). What are the prime factors of i(l)?
2
What are the prime factors of (-673)/(-6) - 0 - 11/66?
2, 7
Suppose 12*z - 4*z = 1128. What are the prime factors of z?
3, 47
Suppose -2*l = x - 21, -l + x + 3 = -0*x. List the prime factors of l.
2
Let v = 10 - 5. Suppose -v*u = -z - 14, 2*z = 2*u - 5*u + 24. List the prime factors of z.
2, 3
Let a = 10 + 17. What are the prime factors of (-2)/(-9) + 615/a?
23
List the prime factors of (-16 + 3)*-1 + 1.
2, 7
Suppose 2*k = 3*k - 12. Suppose k*q + 124 = 16*q. List the prime factors of q.
31
Let j be (-1)/(-2*(-1)/(-34)). Let w = 3 + j. List the prime factors of w.
2, 5
Let p(k) = -22*k. List the prime factors of p(-6).
2, 3, 11
Suppose 0 = -5*i + 4*u - 20, -5*i + 0*i - 2*u + 10 = 0. Let v(g) = -g - 4. Let z be v(i). Let q(b) = -2*b - 2. What are the prime factors of q(z)?
2, 3
Let r be -3*14/12*-2. Suppose a - 4*u = 2*a + 10, 5*a + u = r. Suppose -3*b + 40 = -4*i, -5*b + 18 = a*i - 14. List the prime factors of b.
2
Let a be (-1)/(-6) - (-65)/(-30). What are the prime factors of a/5 - 54/(-10)?
5
Suppose 0 = -3*a - q + 65, -4*a = a - 3*q - 85. List the prime factors of a.
2, 5
Let a = -6 - -6. Let c = 10 - a. List the prime factors of c.
2, 5
Let w(h) = h**2 - 2. Let t be w(2). Suppose 0 = q - 3*s + 4, t*q = -0*q + 4*s - 2. Suppose q*u = 85 - 10. List the prime factors of u.
3, 5
Let t = -7 - -1. Let n be 15/t*8/(-10). Suppose 0 = -m + 8 + n. What are the prime factors of m?
2, 5
Suppose 2 = 3*h - 4. Suppose h*o - 4 = 16. List the prime factors of o.
2, 5
Suppose 3*k - 56 - 23 = -5*j, -3*j = 4*k - 87. What are the prime factors of k?
2, 3
Suppose -a - 12 = a. Let j(i) = i**3 + 6*i**2 - i - 1. Let d be j(a). Let r = d - 2. List the prime factors of r.
3
Let i = 12 - 8. Suppose 0 = -p + i*t + 15, 0*p - t - 5 = p. What are the prime factors of -1 + 5 - 2 - p?
3
Let o(k) = k**3 + 9*k**2 - 11*k + 9. Let w = -10 - -15. Suppose w*g = f - 5*f - 70, -2*g - 40 = 4*f. List the prime factors of o(g).
19
Suppose 7*z = 2*z - 40. Let j be 2/z - (-3)/12. Suppose -9 = -0*u - u - 5*s, -5*u - 5*s + 45 = j. List the prime factors of u.
3
Let x = -70 + 144. What are the prime factors of x?
2, 37
Let v = 1 + -2. Let h = 12 + v. What are the prime factors of h?
11
Let w(v) = -4*v - 24. List the prime factors of w(-12).
2, 3
Suppose -3*w = 3 - 0. Let q(f) = 7*f**2 - 7*f + 7. Let k(i) = -3*i**2 + 4*i - 4. Let v(c) = 7*k(c) + 4*q(c). List the prime factors of v(w).
7
Let o(a) = 8*a**2 - 7*a - 4. What are the prime factors of o(-5)?
3, 7, 11
Suppose -10*f + 6*f = -444. What are the prime factors of f?
3, 37
Let i(g) = 4*g - 18. List the prime factors of i(12).
2, 3, 5
Suppose 0*j - j + 1 = 0. Suppose -j - 4 = -g. Suppose 0*h + g*h - 25 = 0. What are the prime factors of h?
5
Let x = -10 + 24. Let z = 35 - x. What are the prime factors of z?
3, 7
Suppose -4*y + 301 - 104 = -5*d, 4*d = 5*y - 235. What are the prime factors of y?
43
Suppose -2*d - d = 2*n - 140, 0 = -3*d + 2*n + 124. List the prime factors of d.
2, 11
Let s = 3 - 3. List the prime factors of (s + -5)*-9 - 3.
2, 3, 7
What are the prime factors of 7*10/(-4)*-2?
5, 7
Let w(h) = -h**2 - 19*h - 10. List the prime factors of w(-16).
2, 19
Let v(r) = 5*r**2 - 38*r - 10. What are the prime factors of v(10)?
2, 5, 11
Let v(d) = d**2 - 3*d. Let j be v(3). What are the prime factors of (j - 5/(-1)) + -1?
2
Let p = 33 + 76. What are the prime factors of p?
109
List the prime factors of 3*(1 - 1/(6/(-172))).
89
Let k = 320 - 197. What are the prime factors of k?
3, 41
Let u(x) = -x**3 + 7*x**2 - 5*x + 4. Let l(r) = -r**3 + r + 1. Let s(j) = 2*l(j) - u(j). List the prime factors of s(-8).
2, 3
Suppose 0 = -11*j + 336 + 280. List the prime factors of j.
2, 7
Let p = 39 + -26. Suppose 4*c = p + 31. What are the prime factors of c?
11
Let t = -5 + 7. Suppose t*g + 2 = -4*v + 36, -5*g = 3*v - 36. What are the prime factors of v?
7
Suppose -123 = -4*h + h. What are the prime factors of h?
41
Let q(d) be the second derivative of 0 + 3*d - 2*d**2 - 1/2*d**3. What are the prime factors of q(-5)?
11
Let j be (-9)/(-12) + 4/16. Suppose 0 = -4*n - j + 21. List the prime factors of n.
5
Suppose 641 = 5*q - 2*m, -6*q + q + m = -643. What are the prime factors of q?
3, 43
What are the prime factors of ((-6)/(-15) + (-24)/(-30))*150?
2, 3, 5
Suppose 5*y - 3*d = -2*d + 692, 124 = y - 5*d. List the prime factors of y.
139
Let k(d) = -7*d - 33. List the prime factors of k(-7).
2
Let p(x) = 4*x + 1. Let w be p(1). Suppose 3*u - 3*a = 3, 0 = w*u + 5*a - 55 + 20. Suppose -6 = -u*j + 2*j. What are the prime factors of j?
3
Suppose 5*b = p - 8, 2*p - 5*b + 10*b = 16. Let g(k) = k**3 + 7*k**2 - k + 2. Let r be g(-8). What are the prime factors of r/(-4) + (-4)/p?
13
Suppose 51 = -0*z - 3*z. Let t = 1 + -9. Let v = t - z. What are the prime factors of v?
3
Suppose 0 = -r + 6*r + 25. Let k(w) = -3*w - 3. Let v be k(r). Let l = v - 1. List the prime factors of l.
11
Let m = -153 + 332. List the prime factors of m.
179
Let y(i) = 2*i**2 - 5*i + 5. Let c(x) = -5*x**2 + 10*x - 11. Let l(p) = 3*c(